33960444 a multiple of 29?
False
Does 1266 divide 52695452?
False
Is 89493102 a multiple of 6?
True
Is 1690 a factor of 12735614?
False
Does 3056 divide 1291933168?
True
Is 476 a factor of 82370848?
True
Is 2468 a factor of 403078696?
True
Does 953 divide 1043411110?
True
Is 2264221071 a multiple of 63?
True
Is 75 a factor of 28589175?
True
Is 856715518 a multiple of 1368?
False
Does 67 divide 3518840?
True
Does 1445 divide 451120330?
True
Is 183360058 a multiple of 277?
False
Is 3491684390 a multiple of 58?
True
Is 177356949 a multiple of 231?
True
Is 4295559 a multiple of 13?
False
Is 4051344 a multiple of 176?
True
Does 398 divide 1067296700?
True
Is 44 a factor of 1722865061?
False
Is 1190160405 a multiple of 5539?
False
Is 256915365 a multiple of 21?
True
Is 104 a factor of 138458112?
True
Does 924 divide 14791401?
False
Does 37 divide 127378575?
False
Is 882736305 a multiple of 169?
False
Is 1184217679 a multiple of 1430?
False
Does 63 divide 1423254287?
False
Does 132 divide 43178516?
False
Is 199 a factor of 119489550?
True
Is 98865279 a multiple of 544?
False
Does 193 divide 3711098?
False
Does 15 divide 399668010?
True
Is 1423424553 a multiple of 3?
True
Is 225306356 a multiple of 1676?
True
Is 4524509 a multiple of 239?
True
Is 5621248 a multiple of 512?
True
Does 2435 divide 720054788?
False
Is 5201501 a multiple of 307?
True
Does 12 divide 335296879?
False
Is 56919681 a multiple of 4899?
False
Is 178644891 a multiple of 119?
False
Does 44 divide 59274776?
True
Is 5748 a factor of 351524688?
True
Is 178606112 a multiple of 3?
False
Is 7 a factor of 457489494?
True
Is 153797556 a multiple of 319?
True
Is 384062805 a multiple of 87?
True
Is 91021659 a multiple of 1043?
False
Is 1297 a factor of 252549246?
True
Is 28 a factor of 28771932?
True
Does 13 divide 2550693580?
False
Is 1667 a factor of 977842560?
False
Is 282 a factor of 64260585?
False
Does 1266 divide 298579770?
True
Does 6210 divide 7334755200?
True
Is 100338940 a multiple of 4278?
False
Does 402 divide 1054403068?
False
Is 227 a factor of 6704218?
True
Is 133 a factor of 503280108?
False
Does 12 divide 59492976?
True
Is 34 a factor of 508432396?
True
Does 313 divide 12481564?
False
Is 2013 a factor of 577042554?
True
Does 6695 divide 2878546166?
False
Does 8043 divide 558953644?
False
Is 545741014 a multiple of 182?
True
Is 35216991 a multiple of 111?
False
Is 19007406 a multiple of 22?
True
Is 296 a factor of 225925274?
False
Is 1428616 a multiple of 97?
True
Does 301 divide 50639337?
True
Is 20 a factor of 149462461?
False
Is 49533636 a multiple of 418?
False
Is 819563721 a multiple of 15?
False
Does 518 divide 46593875?
False
Is 186594540 a multiple of 2690?
True
Does 1414 divide 97059604?
False
Is 96 a factor of 1854883525?
False
Is 130 a factor of 95787770?
True
Does 2307 divide 34787318?
False
Is 11 a factor of 87233531?
True
Is 10 a factor of 192584216?
False
Is 5348927520 a multiple of 160?
True
Is 66498444 a multiple of 1165?
False
Does 70 divide 303256590?
True
Does 2 divide 275003816?
True
Does 35 divide 520501237?
False
Does 8 divide 220070310?
False
Does 153 divide 616845663?
True
Is 7090 a factor of 420990020?
True
Is 14 a factor of 8314853?
False
Is 695610832 a multiple of 56?
True
Does 53 divide 1511668589?
False
Is 53 a factor of 589970613?
True
Is 612 a factor of 71232171?
False
Is 1820 a factor of 18998980?
True
Does 939 divide 1961467763?
False
Does 3 divide 25462215?
True
Does 75 divide 519689400?
True
Is 2 a factor of 23119224?
True
Is 234480323 a multiple of 89?
False
Does 21 divide 56714556?
False
Is 32376660 a multiple of 15?
True
Is 431 a factor of 16688688?
False
Does 654 divide 104021217?
False
Is 7001 a factor of 331755276?
False
Is 289 a factor of 3064556?
True
Does 7209 divide 2355302853?
True
Is 1268363772 a multiple of 162?
True
Is 3 a factor of 46484064?
True
Is 4 a factor of 180389028?
True
Is 156349746 a multiple of 126?
True
Is 804111750 a multiple of 15?
True
Is 2344536644 a multiple of 4?
True
Is 8098688 a multiple of 104?
True
Does 10 divide 32845246?
False
Is 843 a factor of 2128323552?
False
Is 511 a factor of 47165811?
True
Is 1132615368 a multiple of 29?
False
Is 237749720 a multiple of 260?
True
Does 1217 divide 119033553?
True
Is 593 a factor of 1035104075?
False
Is 5 a factor of 818365?
True
Does 102 divide 50196240?
True
Is 495974808 a multiple of 24?
True
Does 22 divide 2079241?
False
Is 172690056 a multiple of 567?
True
Does 103 divide 1324034615?
True
Is 2243867295 a multiple of 57?
False
Does 116 divide 195614628?
True
Does 214 divide 46228922?
True
Is 1019 a factor of 66500207?
False
Does 46 divide 348223583?
False
Is 122 a factor of 5866004?
True
Is 262 a factor of 5495712?
True
Does 36 divide 224094651?
False
Is 42 a factor of 28565299?
False
Is 439537267 a multiple of 341?
False
Does 117 divide 26272818?
True
Is 11 a factor of 91533497?
True
Does 638 divide 29077488?
True
Does 86 divide 5513116?
True
Is 17285925 a multiple of 11?
False
Is 108 a factor of 19078416?
True
Does 157 divide 554089823?
False
Is 2 a factor of 205867?
False
Is 239291780 a multiple of 1820?
True
Is 24 a factor of 114136344?
True
Does 48 divide 29323672?
False
Is 53185716 a multiple of 245?
False
Is 227115317 a multiple of 84?
False
Does 9 divide 16875806?
False
Is 218030676 a multiple of 12?
True
Does 697 divide 695528633?
True
Is 21968389 a multiple of 199?
False
Does 140 divide 1158399900?
True
Is 18 a factor of 8393576?
False
Is 364598280 a multiple of 360?
True
Does 54 divide 17082170?
False
Is 24735150 a multiple of 3762?
True
Is 2121026897 a multiple of 13?
False
Is 43 a factor of 10269905?
True
Is 729061 a multiple of 3?
False
Is 121700491 a multiple of 12?
False
Is 504880662 a multiple of 2678?
True
Is 1593449758 a multiple of 1755?
False
Is 75068541 a multiple of 185?
False
Is 1157 a factor of 16862437?
False
Is 579 a factor of 93998565?
False
Does 28 divide 80517276?
True
Is 23848502 a multiple of 241?
False
Is 1633013865 a multiple of 35?
True
Is 23350676 a multiple of 13?
False
Is 18573210 a multiple of 7?
False
Is 2241654820 a multiple of 10?
True
Does 22 divide 125598?
True
Does 1348 divide 135783022?
False
Is 426569401 a multiple of 61?
True
Is 4206054 a multiple of 12?
False
Is 532 a factor of 659791480?
False
Does 16 divide 8425703?
False
Is 18 a factor of 811338894?
True
Is 6365 a factor of 289411069?
False
Is 3177 a factor of 355570476?
False
Is 2915 a factor of 4207021280?
True
Is 242120369 a multiple of 13?
False
Does 186 divide 1098429655?
False
Is 740 a factor of 20611960?
True
Does 194 divide 36164704?
True
Is 576 a factor of 55331736?
False
Does 1662 divide 498531858?
True
Does 601 divide 7542212?
False
Does 3845 divide 27272431?
False
Does 155 divide 339887100?
True
Is 364 a factor of 120878899?
False
Is 57574272 a multiple of 84?
True
Does 1328 divide 2887379601?
False
Is 702232688 a multiple of 1058?
True
Does 67 divide 40537948?
True
Is 58 a factor of 134059402?
True
Is 54830779 a multiple of 53?
True
Does 16 divide 132232544?
True
Is 6 a factor of 66455316?
True
Is 1787 a factor of 60070005?
True
Is 201065458 a multiple of 18?
False
Is 1555 a factor of 37343325?
True
Is 181 a factor of 11647380?
False
Is 43548606 a multiple of 103?
True
Is 399 a factor of 38709384?
True
Is 6 a factor of 28121107?
False
Is 1211 a factor of 68971517?
False
Is 130571429 a multiple of 16?
False
Is 150 a factor of 21421950?
True
Does 543 divide 393641877?
True
Is 428 a factor of 4456382?
False
Is 125485296 a multiple of 23?
False
Does 357 divide 24253866?
True
Does 6647 divide 1251954512?
False
Is 8 a factor of 17185633?
False
Does 716 divide 908305448?
False
Does 111 divide 1783550507?
False
Is 34946877 a multiple of 104?
False
Is 20 a factor of 32607173?
False
Is 14033834 a multiple of 26?
False
Does 1279 divide 560775514?
False
Does 155 divide 150757340?
True
Does 326 divide 11257432?
True
Is 362556800 a multiple of 200?
True
Is 195241042 a multiple of 237?
False
Is 1240 a factor of 25069802?
False
Is 86742200 a multiple of 1730?
True
Is 129 a factor of 8212914?
True
Does 22 divide 87980024?
True
Is 992301940 a multiple of 4267?
False
Is 166 a factor of 312479317?
False
Is 58519392 a multiple of 127?
False
Does 5 divide 160540